{"id":175,"date":"2016-08-30T13:41:26","date_gmt":"2016-08-30T12:41:26","guid":{"rendered":"https:\/\/www.tauben-wutzler.de\/?page_id=175"},"modified":"2024-04-17T08:28:49","modified_gmt":"2024-04-17T07:28:49","slug":"hochzeitstauben","status":"publish","type":"page","link":"https:\/\/www.tauben-wutzler.de\/?page_id=175","title":{"rendered":"Hochzeitstauben-Flyer"},"content":{"rendered":"<p><a href=\"https:\/\/www.tauben-wutzler.de\/wp-content\/uploads\/2018\/11\/Prospekt1.jpg\" target=\"_blank\" rel=\"noopener noreferrer\"><img loading=\"lazy\" decoding=\"async\" class=\"alignnone wp-image-313\" src=\"https:\/\/www.tauben-wutzler.de\/wp-content\/uploads\/2018\/11\/Prospekt1-148x300.jpg\" alt=\"\" width=\"140\" height=\"283\" srcset=\"https:\/\/www.tauben-wutzler.de\/wp-content\/uploads\/2018\/11\/Prospekt1-148x300.jpg 148w, https:\/\/www.tauben-wutzler.de\/wp-content\/uploads\/2018\/11\/Prospekt1-768x1552.jpg 768w, https:\/\/www.tauben-wutzler.de\/wp-content\/uploads\/2018\/11\/Prospekt1-507x1024.jpg 507w, https:\/\/www.tauben-wutzler.de\/wp-content\/uploads\/2018\/11\/Prospekt1.jpg 1229w\" sizes=\"auto, (max-width: 140px) 100vw, 140px\" \/><\/a> <a href=\"https:\/\/www.tauben-wutzler.de\/wp-content\/uploads\/2018\/11\/Prospekt2.jpg\" target=\"_blank\" rel=\"noopener noreferrer\"><img loading=\"lazy\" decoding=\"async\" class=\"alignnone wp-image-314\" src=\"https:\/\/www.tauben-wutzler.de\/wp-content\/uploads\/2018\/11\/Prospekt2-150x300.jpg\" alt=\"\" width=\"140\" height=\"281\" srcset=\"https:\/\/www.tauben-wutzler.de\/wp-content\/uploads\/2018\/11\/Prospekt2-150x300.jpg 150w, https:\/\/www.tauben-wutzler.de\/wp-content\/uploads\/2018\/11\/Prospekt2-768x1541.jpg 768w, https:\/\/www.tauben-wutzler.de\/wp-content\/uploads\/2018\/11\/Prospekt2-510x1024.jpg 510w, https:\/\/www.tauben-wutzler.de\/wp-content\/uploads\/2018\/11\/Prospekt2.jpg 1240w\" sizes=\"auto, (max-width: 140px) 100vw, 140px\" \/><\/a> <a href=\"https:\/\/www.tauben-wutzler.de\/wp-content\/uploads\/2018\/11\/Prospekt4.jpg\" target=\"_blank\" rel=\"noopener noreferrer\"><img loading=\"lazy\" decoding=\"async\" class=\"alignnone wp-image-315\" src=\"https:\/\/www.tauben-wutzler.de\/wp-content\/uploads\/2018\/11\/Prospekt3-148x300.jpg\" alt=\"\" width=\"140\" height=\"283\" srcset=\"https:\/\/www.tauben-wutzler.de\/wp-content\/uploads\/2018\/11\/Prospekt3-148x300.jpg 148w, https:\/\/www.tauben-wutzler.de\/wp-content\/uploads\/2018\/11\/Prospekt3-768x1554.jpg 768w, https:\/\/www.tauben-wutzler.de\/wp-content\/uploads\/2018\/11\/Prospekt3-506x1024.jpg 506w, https:\/\/www.tauben-wutzler.de\/wp-content\/uploads\/2018\/11\/Prospekt3.jpg 1226w\" sizes=\"auto, (max-width: 140px) 100vw, 140px\" \/><img loading=\"lazy\" decoding=\"async\" class=\"alignnone wp-image-316\" src=\"https:\/\/www.tauben-wutzler.de\/wp-content\/uploads\/2018\/11\/Prospekt4-149x300.jpg\" alt=\"\" width=\"140\" height=\"283\" srcset=\"https:\/\/www.tauben-wutzler.de\/wp-content\/uploads\/2018\/11\/Prospekt4-149x300.jpg 149w, https:\/\/www.tauben-wutzler.de\/wp-content\/uploads\/2018\/11\/Prospekt4-768x1550.jpg 768w, https:\/\/www.tauben-wutzler.de\/wp-content\/uploads\/2018\/11\/Prospekt4-507x1024.jpg 507w, https:\/\/www.tauben-wutzler.de\/wp-content\/uploads\/2018\/11\/Prospekt4.jpg 1223w\" sizes=\"auto, (max-width: 140px) 100vw, 140px\" \/><\/a><br \/>\n<a href=\"https:\/\/www.tauben-wutzler.de\/wp-content\/uploads\/2018\/11\/Prospekt4.jpg\"><br \/>\n<\/a><a href=\"https:\/\/www.tauben-wutzler.de\/wp-content\/uploads\/2019\/01\/Hochzeitstauben-1.jpg\" target=\"_blank\" rel=\"noopener noreferrer\"><img loading=\"lazy\" decoding=\"async\" class=\"alignnone wp-image-328 size-medium\" src=\"https:\/\/www.tauben-wutzler.de\/wp-content\/uploads\/2019\/01\/Hochzeitstauben-1-210x300.jpg\" alt=\"\" width=\"210\" height=\"300\" srcset=\"https:\/\/www.tauben-wutzler.de\/wp-content\/uploads\/2019\/01\/Hochzeitstauben-1-210x300.jpg 210w, https:\/\/www.tauben-wutzler.de\/wp-content\/uploads\/2019\/01\/Hochzeitstauben-1.jpg 510w\" sizes=\"auto, (max-width: 210px) 100vw, 210px\" \/><\/a><a href=\"https:\/\/www.tauben-wutzler.de\/wp-content\/uploads\/2019\/01\/Hochzeitstauben-2.jpg\" target=\"_blank\" rel=\"noopener noreferrer\"><img loading=\"lazy\" decoding=\"async\" class=\"alignnone wp-image-330 size-medium\" src=\"https:\/\/www.tauben-wutzler.de\/wp-content\/uploads\/2019\/01\/Hochzeitstauben-2-217x300.jpg\" alt=\"\" width=\"217\" height=\"300\" srcset=\"https:\/\/www.tauben-wutzler.de\/wp-content\/uploads\/2019\/01\/Hochzeitstauben-2-217x300.jpg 217w, https:\/\/www.tauben-wutzler.de\/wp-content\/uploads\/2019\/01\/Hochzeitstauben-2.jpg 509w\" sizes=\"auto, (max-width: 217px) 100vw, 217px\" \/><\/a><\/p>\n<p><strong>Die wei\u00dfen Brieftauben aus Kirchberg,<br \/>\nwerden g<\/strong><strong>eboren um Freude zu schenken.<br \/>\nSie steigen wie Engel in den Himmel und<br \/>\n<\/strong><strong>verleihen damit<\/strong><strong> ihrer Feier das ganz Besondere!<br \/>\n<\/strong><\/p>\n<p><strong>Ihre Beliebtheit verdanken sie Ihren Verhalten, weil darin viele Menschen heute wieder mehr denn je, die Erf\u00fcllung Ihrer eigenen Sehns\u00fcchte finden.<\/strong><br \/>\n<strong>Doch wie verhalten sich artgerecht gehaltene Hochzeitstauben:<\/strong><br \/>\n<strong>-Sie Turteln viel, das bedeutet sie k\u00fcssen sich oft am Tag.<\/strong><br \/>\n<strong>-Sie sind sich ein Leben lang ihren Partner treu.<\/strong><br \/>\n<strong>-Sie br\u00fcten abwechselnd und ziehen ihre Kinder gemeinsam auf.<\/strong><br \/>\n<strong>-Sie haben viele Kinder, Enkel und Urenkel usw.<\/strong><br \/>\n<strong>-Sie sind neugierig: Fliegen gerne Hinaus und erkunden die Welt, kommen aber immer wieder gerne nach Hause zur\u00fcck.<br \/>\n&#8211; Die wei\u00dfe Taube ist das Symbol des Friedens.<\/strong><\/p>\n<p><strong>Meine kleine \u00fcberschaubare Hobbyzucht besitzt eine lange Tradition und ein sehr hohes internationales Ansehen. Das wichtigste Maxim ist die Gesundheit und das Wohlbefinden der Tauben.<\/strong><br \/>\n<strong>Aufgrund der \u00fcberschaubaren Bestandgr\u00f6\u00dfe sind nur 1 bis 2 Aufl\u00e4sse pro Tag (bei 2 mit verschiedenen Tauben) m\u00f6glich. Die Unterbringung der Tiere erfolgt in artgerechten Schl\u00e4gen mit Volieren. Jedes Paar besitzt einen zweietagigen Brutplatz, sozusagen eine eigene Wohnung innerhalb einer Wohngemeinschaft. Welche t\u00e4glich gereinigt wird. 3-4 mal w\u00f6chentlich gibt es Badem\u00f6glichkeit. Bei sommerlichen Temperaturen erwartet die Tauben bei Ihrer R\u00fcckkehr meist ein Rosenbl\u00fctenbad.<\/strong><br \/>\n<strong>W\u00e4hrend der Zucht von M\u00e4rz bis Anfang September gibt es Fr\u00fch, Mittags und Abends ein hochwertiges Futter. Dass alles sind sehr gute Voraussetzungen f\u00fcr eine optimale Gesundheit und Fitness der Tiere, sowie samtweiches sauberes Gefieder.<\/strong><br \/>\n<strong>Flugtraining gibt es von Mitte April bis Anfang Oktober t\u00e4glich 1-3-mal. Meistens Morgens bei Sonnenaufgang und je nach Zeit Mittags oder gegen Abend am Haus. Dazu kommen noch 1-3 Trainingsfl\u00fcge pro Woche vor allem mit den Jungtieren. Alle diese Dinge, welche t\u00e4glich ca. 3 bis 6 Stunden Zeit beanspruchen, sind die beste Voraussetzung f\u00fcr ein schnelles Heimkehrverm\u00f6gen.<\/strong><br \/>\n<strong>Die Zeremonie: Sie erfolgt bei Hochzeiten nach der Kirche bzw. dem Standesamt oder sehr gerne auch entspannt, w\u00e4hrend ihrer Feier z.B nach dem Kaffeetrinken.<\/strong><br \/>\n<strong>Wenn sie\u00a0 zu ihrer Trauhandlung sind, dann baue ich alles N\u00f6tige auf und erwarte sie am Ausgang bzw. dem vereinbarten Platz. Nach einer im Vorfeld abgesprochenen pers\u00f6nlichen Laudatio durch mich bzw. dem Schenkenden sind die Aufl\u00e4sse aus der Hand des Brautpaares oder durch mich aus dem Korb m\u00f6glich.<\/strong><br \/>\n<strong>Weitere Tauben tragen, dann die W\u00fcnsche der Hochzeitsg\u00e4ste an das Brautpaar in den Himmel. \u00a0Dar\u00fcberhinaus gibt es, die sehr gerne in Anspruch genommene M\u00f6glichkeit, Jungtiere von meinen sehr zutraulichen, zierlichen Sch\u00f6nheitstauben (Felegyhazaer T\u00fcmmler) mitzubringen. Diese faszieren Dank ihre Zutraulichkeit, die sie seit ihrer Erz\u00fcchtung bereits in den Genen haben, die Kinder, Brautpaare und meistens viele der G\u00e4ste. Diese T\u00e4ubchen sind der Idelae Rahmen f\u00fcr unvergessene Fotomotive. Sie fliegen nicht mit, sondern kehren mit mir wieder in den Schlag zur\u00fcck.<\/strong><br \/>\n<strong>Der Tierschutz und das -wohl haben bei allem die oberste Priorit\u00e4t. So ist dies Alles nur von April bis Mitte Oktober m\u00f6glich, wenn das Laub an den B\u00e4umen ist, in den denen sich die T\u00e4ubchen, bei eventuellen Greifvogelangriffen, auch mal verstecken k\u00f6nnen. In der unmittelbaren N\u00e4he von Brutpl\u00e4tzen des \u00a0Wanderfalken ist, w\u00e4hrend der Aufzucht von deren Jungen, kein Auflas m\u00f6glich.<\/strong><br \/>\n<strong>Da die Tauben nach dem Magnetfeld der Erde navigieren, ist auch bei Gewitter oder Dauerregen ein Auflas nicht m\u00f6glich, fr\u00fchestens erst nach dessen Abzug. Der Transport zum Auflassort erfolgt mit klimatisierten Auto in sch\u00f6n dekorierten K\u00f6rben. Auf Wunsch gerne mit fachm\u00e4nnischer Blumendekoration.<\/strong><br \/>\n<strong>F\u00fcr mich ist es eine Herzensangelegenheit ihren sch\u00f6nsten Tag zu etwas ganz Besondern zumachen, deshalb ist eine detaillierte Absprache im Vorfeld sehr gew\u00fcnscht. In der Regel wird die Zeremonie von den Eltern, Gro\u00dfeltern, Geschwistern oder Freunden geschenkt.<\/strong><br \/>\n<strong>Au\u00dfer zu Hochzeiten sind erfreuen sich Taubenzeremonien\u00a0 bei Silberhochzeiten, Geburtstagen, Jubil\u00e4en und Betriebsfeiern zunehmender Beliebtheit.<\/strong><br \/>\n<strong>Ideal sind Ausl\u00e4sse im s\u00fcdlichen Kreisgebiet von Zwickau oder n\u00f6rdlichen Vogtland. Generell sind Aufl\u00e4sse im Umkreis von 50 Km Luftlinie\u00a0 von Kirchberg sehr willkommen. In Ausnahmef\u00e4llen sind auf Anfrage gr\u00f6\u00dfere Entfernungen m\u00f6glich. Ich freue mich auf Ihr Interesse unter Tel: 037602139349 oder 01629213187.<\/strong><\/p>\n<p>In Vorfreude Ihr leidenschaftlicher Taubenfan J\u00fcrgen Wutzler<\/p>\n<div id=\"attachment_209\" style=\"width: 610px\" class=\"wp-caption alignnone\"><img loading=\"lazy\" decoding=\"async\" aria-describedby=\"caption-attachment-209\" class=\"wp-image-209\" src=\"https:\/\/www.tauben-wutzler.de\/wp-content\/uploads\/2016\/08\/MIC_1824bearb-Zklein.jpg\" alt=\"\" width=\"600\" height=\"399\" srcset=\"https:\/\/www.tauben-wutzler.de\/wp-content\/uploads\/2016\/08\/MIC_1824bearb-Zklein.jpg 1000w, https:\/\/www.tauben-wutzler.de\/wp-content\/uploads\/2016\/08\/MIC_1824bearb-Zklein-300x200.jpg 300w, https:\/\/www.tauben-wutzler.de\/wp-content\/uploads\/2016\/08\/MIC_1824bearb-Zklein-768x511.jpg 768w\" sizes=\"auto, (max-width: 600px) 100vw, 600px\" \/><p id=\"caption-attachment-209\" class=\"wp-caption-text\">Hochzeitstauben am Himmel<\/p><\/div>\n<div id=\"attachment_210\" style=\"width: 610px\" class=\"wp-caption alignnone\"><img loading=\"lazy\" decoding=\"async\" aria-describedby=\"caption-attachment-210\" class=\"wp-image-210\" src=\"https:\/\/www.tauben-wutzler.de\/wp-content\/uploads\/2016\/08\/MIC_1834bearb-Zklein-300x200.jpg\" alt=\"\" width=\"600\" height=\"399\" srcset=\"https:\/\/www.tauben-wutzler.de\/wp-content\/uploads\/2016\/08\/MIC_1834bearb-Zklein-300x200.jpg 300w, https:\/\/www.tauben-wutzler.de\/wp-content\/uploads\/2016\/08\/MIC_1834bearb-Zklein-768x511.jpg 768w, https:\/\/www.tauben-wutzler.de\/wp-content\/uploads\/2016\/08\/MIC_1834bearb-Zklein.jpg 1000w\" sizes=\"auto, (max-width: 600px) 100vw, 600px\" \/><p id=\"caption-attachment-210\" class=\"wp-caption-text\">Hochzeitstauben am Himmel<\/p><\/div>\n<div id=\"attachment_211\" style=\"width: 610px\" class=\"wp-caption alignnone\"><img loading=\"lazy\" decoding=\"async\" aria-describedby=\"caption-attachment-211\" class=\"wp-image-211\" src=\"https:\/\/www.tauben-wutzler.de\/wp-content\/uploads\/2016\/08\/MIC_1854bearb-Zklein-300x200.jpg\" alt=\"\" width=\"600\" height=\"399\" srcset=\"https:\/\/www.tauben-wutzler.de\/wp-content\/uploads\/2016\/08\/MIC_1854bearb-Zklein-300x200.jpg 300w, https:\/\/www.tauben-wutzler.de\/wp-content\/uploads\/2016\/08\/MIC_1854bearb-Zklein-768x511.jpg 768w, https:\/\/www.tauben-wutzler.de\/wp-content\/uploads\/2016\/08\/MIC_1854bearb-Zklein.jpg 1000w\" sizes=\"auto, (max-width: 600px) 100vw, 600px\" \/><p id=\"caption-attachment-211\" class=\"wp-caption-text\">Taubenpaar auf dem Dach.<\/p><\/div>\n<div id=\"attachment_215\" style=\"width: 610px\" class=\"wp-caption alignnone\"><img loading=\"lazy\" decoding=\"async\" aria-describedby=\"caption-attachment-215\" class=\"wp-image-215\" src=\"https:\/\/www.tauben-wutzler.de\/wp-content\/uploads\/2016\/08\/P1040598-300x225.jpg\" alt=\"\" width=\"600\" height=\"450\" srcset=\"https:\/\/www.tauben-wutzler.de\/wp-content\/uploads\/2016\/08\/P1040598-300x225.jpg 300w, https:\/\/www.tauben-wutzler.de\/wp-content\/uploads\/2016\/08\/P1040598-768x576.jpg 768w, https:\/\/www.tauben-wutzler.de\/wp-content\/uploads\/2016\/08\/P1040598-1024x768.jpg 1024w\" sizes=\"auto, (max-width: 600px) 100vw, 600px\" \/><p id=\"caption-attachment-215\" class=\"wp-caption-text\">K\u00f6rbe Mit Rosenherzdekoration.<\/p><\/div>\n<div id=\"attachment_216\" style=\"width: 610px\" class=\"wp-caption alignnone\"><img loading=\"lazy\" decoding=\"async\" aria-describedby=\"caption-attachment-216\" class=\"wp-image-216\" src=\"https:\/\/www.tauben-wutzler.de\/wp-content\/uploads\/2016\/08\/P1040601-300x225.jpg\" alt=\"\" width=\"600\" height=\"450\" srcset=\"https:\/\/www.tauben-wutzler.de\/wp-content\/uploads\/2016\/08\/P1040601-300x225.jpg 300w, https:\/\/www.tauben-wutzler.de\/wp-content\/uploads\/2016\/08\/P1040601-768x576.jpg 768w, https:\/\/www.tauben-wutzler.de\/wp-content\/uploads\/2016\/08\/P1040601-1024x768.jpg 1024w\" sizes=\"auto, (max-width: 600px) 100vw, 600px\" \/><p id=\"caption-attachment-216\" class=\"wp-caption-text\">Meine derzeit aktuellen K\u00f6rbe mit Rosendekoration<\/p><\/div>\n<p><a href=\"https:\/\/www.tauben-wutzler.de\/?attachment_id=267\" rel=\"attachment wp-att-267\"><img loading=\"lazy\" decoding=\"async\" class=\"alignnone size-medium wp-image-267\" src=\"https:\/\/www.tauben-wutzler.de\/wp-content\/uploads\/2018\/02\/003-1-300x186.jpg\" alt=\"\" width=\"300\" height=\"186\" srcset=\"https:\/\/www.tauben-wutzler.de\/wp-content\/uploads\/2018\/02\/003-1-300x186.jpg 300w, https:\/\/www.tauben-wutzler.de\/wp-content\/uploads\/2018\/02\/003-1-768x475.jpg 768w, https:\/\/www.tauben-wutzler.de\/wp-content\/uploads\/2018\/02\/003-1-1024x634.jpg 1024w\" sizes=\"auto, (max-width: 300px) 100vw, 300px\" \/><\/a><\/p>\n<p><strong>\u00a0<\/strong><\/p>\n<p>Gerne untermalen wir Ihre Hochzeit mit dem Aufla\u00df unserer Hochzeitstauben.<\/p>\n<div style=\"width: 426px;\" class=\"wp-video\"><video class=\"wp-video-shortcode\" id=\"video-175-1\" width=\"426\" height=\"240\" preload=\"metadata\" controls=\"controls\"><source type=\"video\/mp4\" src=\"https:\/\/www.tauben-wutzler.de\/wp-content\/uploads\/2016\/08\/Auflass.mp4?_=1\" \/><a href=\"https:\/\/www.tauben-wutzler.de\/wp-content\/uploads\/2016\/08\/Auflass.mp4\">https:\/\/www.tauben-wutzler.de\/wp-content\/uploads\/2016\/08\/Auflass.mp4<\/a><\/video><\/div>\n","protected":false},"excerpt":{"rendered":"<p>Die wei\u00dfen Brieftauben aus Kirchberg, werden geboren um Freude zu schenken. Sie steigen wie Engel in den Himmel und verleihen damit ihrer Feier das ganz Besondere! Ihre Beliebtheit verdanken sie Ihren Verhalten, weil darin viele Menschen heute wieder mehr denn &hellip;<\/p>\n<p><a href=\"https:\/\/www.tauben-wutzler.de\/?page_id=175\">Continue Reading<span class=\"meta-nav\">&rarr;<\/span><\/a><\/p>\n","protected":false},"author":1,"featured_media":0,"parent":0,"menu_order":7,"comment_status":"closed","ping_status":"closed","template":"","meta":{"footnotes":""},"class_list":["post-175","page","type-page","status-publish","hentry"],"_links":{"self":[{"href":"https:\/\/www.tauben-wutzler.de\/index.php?rest_route=\/wp\/v2\/pages\/175","targetHints":{"allow":["GET"]}}],"collection":[{"href":"https:\/\/www.tauben-wutzler.de\/index.php?rest_route=\/wp\/v2\/pages"}],"about":[{"href":"https:\/\/www.tauben-wutzler.de\/index.php?rest_route=\/wp\/v2\/types\/page"}],"author":[{"embeddable":true,"href":"https:\/\/www.tauben-wutzler.de\/index.php?rest_route=\/wp\/v2\/users\/1"}],"replies":[{"embeddable":true,"href":"https:\/\/www.tauben-wutzler.de\/index.php?rest_route=%2Fwp%2Fv2%2Fcomments&post=175"}],"version-history":[{"count":25,"href":"https:\/\/www.tauben-wutzler.de\/index.php?rest_route=\/wp\/v2\/pages\/175\/revisions"}],"predecessor-version":[{"id":505,"href":"https:\/\/www.tauben-wutzler.de\/index.php?rest_route=\/wp\/v2\/pages\/175\/revisions\/505"}],"wp:attachment":[{"href":"https:\/\/www.tauben-wutzler.de\/index.php?rest_route=%2Fwp%2Fv2%2Fmedia&parent=175"}],"curies":[{"name":"wp","href":"https:\/\/api.w.org\/{rel}","templated":true}]}}